 be h(8). Let j be (-2)/13 + f/(-182). Let c(x) = 4*x**2 + 9*x - 1. What are the prime factors of c(j)?
2, 3, 11
List the prime factors of (0 - 5) + 11415*(1 - 0).
2, 5, 7, 163
Let i(v) = 241*v - 165. What are the prime factors of i(87)?
2, 3, 3467
Let u = 57 - 56. Let p be (-4)/(u + -5) + 3. List the prime factors of (258 - 5 - p) + 2.
251
Let p(g) = 67*g + 114. Let b be p(8). What are the prime factors of (-12)/54 + b/9 - -4?
2, 19
Let q = 46 + -44. Suppose 7*c = q*c + 915. Let k = -58 + c. List the prime factors of k.
5
List the prime factors of (-21921)/(-11) + ((-286)/1573 - 8/(-22)).
1993
Let x = -6294 - -21032. List the prime factors of x.
2, 7369
Let a(p) be the first derivative of 13*p**2/2 - 2*p + 26. Let w be a(1). Suppose 436 - w = 5*n. What are the prime factors of n?
5, 17
Let v(o) = -o**2 - 27*o + 4. Let q be v(-17). Let s = q + 68. List the prime factors of (2 - 2) + (s - 10).
2, 29
Suppose -4*s + s - 12 = 0. Suppose -14*h - 469 - 413 = 0. What are the prime factors of -1*(7767/h + s/(-14))?
3, 41
Suppose 1333 = -3*s - 806. Let n = -3931 - -3510. Let m = n - s. What are the prime factors of m?
2, 73
Let a(p) = -2*p + 1. Let m be a(14). Let o = m - -27. List the prime factors of 402/12*(o + 2).
67
Suppose -9 = -3*q - 3*r, 5*r = -q + 3*r + 4. Suppose 30*t - 5*t - 125 = 0. Suppose -2*v + 100 = t*h, 5*v - 7 = -h + q*v. What are the prime factors of h?
2, 11
Suppose 5*f - 2*z = 72877, 99*z - 14549 = -f + 95*z. List the prime factors of f.
13, 19, 59
Suppose -31*h = -28*h + 2*b - 9166, -2*h = -b - 6113. List the prime factors of h.
2, 191
Suppose 0*i = -5*f - 4*i + 26, 0 = 3*f - i - 2. Let y = -53 + 58. Suppose 2*q - y*j + f = 45, -60 = -3*q + 3*j. What are the prime factors of q?
19
Suppose 38*i + 28272 = 14*i. Let y = -784 - i. List the prime factors of y.
2, 197
Let v be -3*(-25)/15 - 5. List the prime factors of v + 1 + 3 + 60.
2
Let n(p) = 49*p**2 - 8*p + 1. Let k = -197 - -193. What are the prime factors of n(k)?
19, 43
Suppose 0 = -2*f + 207 - 67. Let t = f + -70. Suppose -4*l - 12 = t, 2*u - 4*u + 4*l + 120 = 0. What are the prime factors of u?
2, 3
Let k = -10373 + 13933. What are the prime factors of k?
2, 5, 89
Let s(w) = -78*w**2 + 11*w + 3. Let a be s(-10). Let i = -4217 - a. What are the prime factors of (4/(-5))/((-12)/i)?
2, 3, 41
Let p = 15 - 6. Let m(f) = 6*f**2 - 4*f + 577. Let o(n) = n**2 - n + 144. Let s(v) = p*o(v) - 2*m(v). What are the prime factors of s(0)?
2, 71
Suppose -4*w - 23 = -5*x, -5*x - w + 13 = -0*w. Suppose 4*h - 6 = -3*q + q, 15 = x*q + 4*h. Let z = 76 + q. What are the prime factors of z?
5, 17
Let u(d) = -d**3 - 9*d**2 + 21*d - 33. Let z = 19 - 34. List the prime factors of u(z).
2, 3, 167
Let q(v) = -6051*v + 495. List the prime factors of q(-1).
2, 3, 1091
Suppose 3*i + 416 = -4*u, -u + 0*u - 5*i - 104 = 0. List the prime factors of 533/u*-134 + (-2)/(-8).
3, 229
What are the prime factors of -25*1791*((-3608)/110 + 32)?
2, 3, 5, 199
Let r(z) = 23*z**2 - 16*z - 3. Let q be r(7). Let d = q - 530. List the prime factors of d.
2, 241
Let a(d) = 396*d + 1254. List the prime factors of a(14).
2, 3, 11, 103
Suppose 5*r + 5*t - 50 = 0, r + 0*t - 20 = t. Suppose r*o - 8*o - 175 = 0. List the prime factors of o.
5
Suppose -5*w = 3*m - 1201, 15*w = -m + 10*w + 397. Suppose 6*y = 4*y + m. List the prime factors of y.
3, 67
Let b = 30 - 27. Suppose -2*s = -3*s + 4*i + 46, b*i = 2*s - 97. List the prime factors of s.
2, 5
Suppose k + n + 12 = -3*n, 4*k - n = -31. Let l be 0 + 2 + (794 - k). Suppose l = 28*s - 25*s. List the prime factors of s.
2, 67
Let m(b) = -214*b + 3. Let s = 36 - 37. Let v be m(s). Let k = v + -154. List the prime factors of k.
3, 7
Suppose 0 = -4*v - 496 + 168. Let c = 0 - v. Suppose 0 = 2*s + 5*r - c, 0*s - s - 2*r = -43. List the prime factors of s.
3, 17
What are the prime factors of 7239 + -13 + 19 + 12/3?
11, 659
Let c = -105 + 113. Suppose -c*u = -7*u - 287. What are the prime factors of u?
7, 41
Let o be (0 - 0)/(0 + 1). Let s(j) = -j**2 - j. Let l be s(o). What are the prime factors of (-12 - -8) + l + -1 + 191?
2, 3, 31
Suppose 0 = -46*i + 69955 + 115563. List the prime factors of i.
37, 109
Let x(o) = 85*o + 81. Let b be x(21). What are the prime factors of b*(-4 - ((-168)/18)/2)?
2, 311
Suppose 5*d - 80 = -2*k + 57, 3*k = 5*d + 168. Let s = k - -402. List the prime factors of s.
463
Let g(v) = 2*v + 10. Let j be g(-4). Let i be 7 + 3*j/(-3). Suppose -2*x + i*m = -7*x + 45, -x + 2*m + 12 = 0. What are the prime factors of x?
2, 5
Let x = -866 - -1946. What are the prime factors of x?
2, 3, 5
Suppose -32*g - 21*g = 52*g - 1429680. List the prime factors of g.
2, 23, 37
Let t(h) = -h - 12. Let n(m) = -3*m - 33. Let r be n(-12). Let a be t(r). Let k = 26 + a. What are the prime factors of k?
11
Let t(i) = -2*i**2 + 12*i + 1. Let s be t(5). Suppose -12*b = -s*b - 419. List the prime factors of b.
419
Let q = 125130 + -85425. List the prime factors of q.
3, 5, 2647
Let r(w) = 339*w - 86. Let i be (4/10)/((-7)/(-70)). List the prime factors of r(i).
2, 5, 127
Let p(j) = 460*j + 169. What are the prime factors of p(47)?
3, 269
Let w(k) = -k**3 - 18*k**2 - 32*k - 45. Let v(o) = -o**2 + o + 2. Let m be v(5). List the prime factors of w(m).
3, 59
Let n(i) = -9 + 28 + 73*i - 8*i - 10*i. What are the prime factors of n(5)?
2, 3, 7
Suppose 0 = -26*r + 35*r. Let x(d) = -d + 119. What are the prime factors of x(r)?
7, 17
Suppose 852641 + 2373787 = 267*a. What are the prime factors of a?
2, 3, 19, 53
Let l(z) = 7*z**3 - 4*z**2 + 8*z - 11. Let x be l(4). Let k = x - 145. Let o = -139 + k. What are the prime factors of o?
11
Let q(a) = 25*a + 152. Let d(n) = -27*n - 154. Let g(v) = 5*d(v) + 6*q(v). What are the prime factors of g(6)?
2, 29
Let r(y) = 4 - 14*y - y**2 - 13 - 3. Suppose -q - 5*l - 29 = 0, 9*l = q + 4*l - 11. List the prime factors of r(q).
3, 11
What are the prime factors of (10 - (-12 + 25)) + 2236/4?
2, 139
Let i = 100 + -61. Suppose -15 = -5*h, 0*y - 5*h + i = 4*y. Suppose y*k - 3*k - 417 = s, 5*s = 5*k - 685. What are the prime factors of k?
2, 5, 7
Suppose -61*m + 4370374 = 17*m + 415228. What are the prime factors of m?
50707
Let v(i) = 30*i**2 - 2*i - 2. Suppose 9*x + 13 = -14. What are the prime factors of v(x)?
2, 137
Suppose -68 - 16 = -42*o. List the prime factors of ((-1)/o)/(3/(-9174)).
11, 139
Suppose -7*k + 75138 - 11018 = 0. What are the prime factors of k?
2, 5, 229
Let q(l) = -2*l**3 + 75*l**2 + 66*l + 38. List the prime factors of q(32).
2, 19, 353
Let q = 5016 - 3364. Let j = -602 + q. What are the prime factors of j?
2, 3, 5, 7
Suppose 4*y - x + 6 = 0, -2*x = 5*y + 2*x - 3. List the prime factors of (1347/(-9) - y)/(4/(-18)).
3, 223
Let m(r) = -r**3 + r**2 + r + 84. Let d be m(0). Let w = d + 15. What are the prime factors of w?
3, 11
Let f = 88275 - 39701. What are the prime factors of f?
2, 149, 163
Suppose -282*s + 290*s - 2160 = 0. Let d = -236 + s. What are the prime factors of d?
2, 17
Let h(i) = -5*i - 34. Let c be h(-7). Suppose -c = 3*y - 10. Suppose d - y*d - 854 = -5*r, r = -d + 175. List the prime factors of r.
2, 43
Let q = 39 + -102. Let y be q + (7 - (0 + 5)). What are the prime factors of ((-218)/(-4))/1*(y + 63)?
109
Let f = -22 - -26. Let w be (4 - 0)/(f/58). Suppose -7*u + 61 = -w. List the prime factors of u.
17
Let v be (60/18 + -3)/((-5)/(-120)). Suppose -v*w = -8784 + 1000. What are the prime factors of w?
7, 139
What are the prime factors of ((-136)/(-408))/(2/172032)?
2, 7
Suppose 3*i - 4*v + 9 = -20, -i = 5*v - 22. What are the prime factors of i*(-13)/(117/132)?
2, 11
Suppose 10 = 5*f - u, 2*f - 5 - 16 = -3*u. Suppose -4*y = 5*o - 2668, f*o + 1487 = 3*y - 541. What are the prime factors of y?
2, 3, 7
Let a = -15956 - -22663. What are the prime factors of a?
19, 353
Let v(j) = -52*j**3 - 14*j**2 + 4*j + 26. What are the prime factors of v(-6)?
2, 5, 29, 37
Let a be (-2)/(-4) + 165/(-6). Let w = a + 29. Suppose -5*c = -4*s - 115, 0 = -w*c + 2*s - s + 49. What are the prime factors of c?
3
Suppose -748 = k - j - 5788, -4*k = j - 20175. What are the prime factors of k?
3, 41
Let f = 281 + -276. Suppose 0 = -n + 3*k + 2*k + 825, -3240 = -4*n + f*k. What are the prime factors of n?
5, 7, 23
Let z(u) = 4*u**3 + 2*u**2 + 10*u + 1. Le